 3*b + 3*w. List the prime factors of b.
3, 5
Suppose 3*b - 376 = -t, 0 = t - 4*b - 195 - 160. List the prime factors of t.
367
Suppose -15*o + 2691 = -6*o. What are the prime factors of o?
13, 23
Suppose -8*x + 3*x + 8761 = -s, 0 = -2*x + s + 3502. What are the prime factors of x?
1753
Suppose 1610 = 9*g - 1117. What are the prime factors of g?
3, 101
Let i(j) = -j**2 - 5*j + 16. Let q be i(-11). What are the prime factors of 4 - q/(0 - -2)?
29
Let s = 3398 + -1299. List the prime factors of s.
2099
Let z = 18 - 19. What are the prime factors of (z + -2)/(408/(-78) + 5)?
13
Suppose -2*j + 1212 = -2*h - 3*h, -5*h + 1818 = 3*j. List the prime factors of j.
2, 3, 101
Let m = 59 + -7. Let r = m + -5. List the prime factors of r.
47
Let y(f) = 14*f**2 - 5*f + 6. Let r(w) = 14*w**2 - 4*w + 5. Let l(t) = 5*r(t) - 4*y(t). List the prime factors of l(-3).
127
Let z(o) = 2*o**2 + o - 106. What are the prime factors of z(13)?
5, 7
Suppose -13*j = -45*j + 2880. List the prime factors of j.
2, 3, 5
Let c(b) = b**2 + 4*b + 38. List the prime factors of c(-6).
2, 5
Let o = -2745 + 5941. List the prime factors of o.
2, 17, 47
Let k(u) = 3*u**2 + 14*u + 51. What are the prime factors of k(-14)?
443
Suppose 2*o - 1429 = -q, -5*o - 5*q = -2*o - 2154. List the prime factors of o.
23, 31
Let y(z) be the third derivative of z**6/120 + z**4/6 - 17*z**3/6 - 38*z**2. What are the prime factors of y(6)?
223
Let n(a) be the third derivative of a**4/8 + a**3/3 + 5*a**2. What are the prime factors of n(7)?
23
Let q be (2 - (-84)/(-8))*4. Suppose -n = -6*n + 280. Let d = n + q. List the prime factors of d.
2, 11
Let t = -5402 + 10279. List the prime factors of t.
4877
List the prime factors of 2*2/(-4) + 0 + 1635.
2, 19, 43
Suppose 0 = l, 5*v + 3*l - 36 = 4. Let o = 75 + v. What are the prime factors of o?
83
Let c = -43 - -167. List the prime factors of c.
2, 31
Let u(i) = -2*i**2 + 95*i + 54. List the prime factors of u(42).
2, 3, 43
Suppose r - 28 = f + 2*r, -r = -4*f - 87. Let l = f + 28. List the prime factors of 4*-15*(-2)/l.
2, 3
Let n(i) = i**2 - 7*i - 10. Let z = 27 - 19. Let f be n(z). List the prime factors of ((-20)/7)/(f/7).
2, 5
Suppose 154 + 14 = 4*j. Let z = -26 + j. List the prime factors of z.
2
Suppose 21*r = -8*r + 90799. List the prime factors of r.
31, 101
Suppose -40 = -5*y + 5*j, 12 = -y - 0*y - 3*j. What are the prime factors of (-1)/(5/(-30)*y)?
2
Suppose -2*l + 7*l = 60. Let i = 37 - l. What are the prime factors of i?
5
Suppose -2*s - 5*m + 287 = 0, -144 = 4*s - 5*s - 3*m. Suppose 2*h = -8, 4*z + 4*h + 227 + s = 0. What are the prime factors of 3/(3 - z/(-30))?
3, 5
Let f = 13 - 3. Let a(i) = -2*i + 24. What are the prime factors of a(f)?
2
Let d be (6/(-10))/(8/(-120)). Suppose 0 = -2*b - 5 + d. Suppose -3*z + 130 = 2*r, 5*r - 145 = -5*z + b*z. List the prime factors of z.
2, 5
Let l(p) = -2*p - 18. Let h be l(-9). Suppose h = 2*b - b - 25. What are the prime factors of 2/((b/110)/5)?
2, 11
Suppose -2*r - 5*n + 1140 = 0, -4*r = -0*r + n - 2280. What are the prime factors of r?
2, 3, 5, 19
Suppose -i - 4*j = j - 25, 5*j = 25. Suppose 0*f + 6 = f - 2*u, i = -2*f - 5*u - 6. Suppose -2*d = 3*a - 14, -7*a + f*a + 14 = d. List the prime factors of d.
2
Suppose -5*q + 555 = -545. What are the prime factors of q?
2, 5, 11
Suppose 2160 = 3*s + 2*c + 536, 2*s + 3*c - 1086 = 0. What are the prime factors of s?
2, 3, 5
Let h(n) = -11*n**3 - 2*n**2 - 2*n - 1. Let a be h(-1). Suppose -42 = -a*o + 8*o. What are the prime factors of o?
3, 7
Suppose x - 378 = -4*t, 2*t + 3*t = -5*x + 1950. List the prime factors of x.
2, 197
Let n(v) = v**3 - 33*v**2 - 6*v + 25. What are the prime factors of n(34)?
977
Let s = -34 - -48. Suppose s*r + 148 = 16*r. List the prime factors of r.
2, 37
Suppose -q = -15 - 753. List the prime factors of q.
2, 3
Let c(k) = -k**3 + 19*k**2 - 19*k + 22. Let z be c(18). Suppose -5*i = z*i - 45. List the prime factors of i.
5
Suppose -2*z - 1962 = -6030. List the prime factors of z.
2, 3, 113
Suppose -15 + 75 = 3*a. Suppose 0 = 4*w + w - a. Suppose 3*y - 63 - 123 = -w*l, -4*l - 248 = -4*y. List the prime factors of y.
2, 31
Let y(g) = 7*g**2 + 4*g + 85. List the prime factors of y(-9).
2, 7, 11
Let q = 570 + -245. What are the prime factors of q?
5, 13
Let h = 987 + -594. What are the prime factors of h?
3, 131
What are the prime factors of 4/6*54702/36?
1013
Suppose -2*f - 262 = -4*z, -3*z + 4*z - 2*f - 70 = 0. Suppose 0 = 3*w - s - z, 112 = 4*w - 0*s + 4*s. List the prime factors of w.
23
Let k(t) be the second derivative of -5*t**3/6 - 9*t**2/2 - 15*t. What are the prime factors of k(-5)?
2
Let n(g) = g**2 + 9*g - 11. Let a be n(-10). Let p be (a + 19)/((-3)/(-6)). Suppose p = 9*j - 7*j. List the prime factors of j.
2, 3
Let c(b) = -b**3 + 4*b**2 - 2*b - 2. Let r(g) = -g**3 + 4*g**2 + g - 2. Let u be r(4). Let i be c(u). List the prime factors of 0/2 - (i + -12).
2, 5
Suppose -4*z = -5*r + 2911, -r + z + 481 + 102 = 0. What are the prime factors of r?
3, 193
Let u(c) be the third derivative of 2*c**4/3 + c**3/6 + c**2. Let r be u(6). Let m = r - 41. What are the prime factors of m?
2, 7
Let a = 1490 - 954. List the prime factors of a.
2, 67
What are the prime factors of 12/(-14) - (-1 + 153044/(-28))?
2, 3, 911
Let l = -93 - -141. Suppose -q - y = -l, 4*q - 32 = 3*y + 139. Suppose -195 = -3*c - 3*n, c - 5*n + 10*n - q = 0. List the prime factors of c.
2, 5, 7
Let q(a) = 10*a**3 - a + 1. Let x be q(1). Let m(z) = z - 10. Let r be m(x). Suppose r = 5*v - 8*v + 21. What are the prime factors of v?
7
List the prime factors of ((-12)/(-10))/((-3)/(-2005)).
2, 401
Let p = 7 - 5. Suppose -595 = -p*x - 3*x. List the prime factors of x.
7, 17
Suppose 1013 = -5*r + 4843. What are the prime factors of r?
2, 383
Let u(v) = 12*v - 3. Let k = -8 - -13. What are the prime factors of u(k)?
3, 19
Suppose 15 = 15*n + 60. Let k(l) be the first derivative of -l**4/4 - l**3/3 - l**2/2 + 2*l - 1. List the prime factors of k(n).
23
Let x = 126 - -8. Let m = -40 + x. Suppose 4*v - 159 = -3*o + v, 2*o - 2*v = m. List the prime factors of o.
2, 5
Suppose -2*c + p + 3004 = 0, 0 = -c + 3*p - p + 1505. What are the prime factors of c?
19, 79
Let m(n) = 6*n. Suppose -4*w - 12 = -44. Let p be m(w). Let j = -19 + p. What are the prime factors of j?
29
Suppose -v - 1 + 9 = 0. Let o be (-446)/30 - v/60. Let g = 31 + o. List the prime factors of g.
2
Suppose -4*m - 5*p + 45 = 0, -p - 15 = -m - 3*p. Suppose 3*t - 24 - 54 = m*j, 28 = t - j. What are the prime factors of t?
31
Let c be (-10)/((-21)/(-6) - 4). Let v be (32/c)/((-4)/(-10)). Suppose v*o - 189 = -29. What are the prime factors of o?
2, 5
Suppose -2*p + 5*p = 9. Let y be (-82)/(p - (-44)/(-12)). Suppose 0 = -5*l - 5*b + 105, 0 = -6*l + l + 4*b + y. List the prime factors of l.
23
Suppose 0 = -0*k - 2*k + 2. Let j be -3 - k*(-1)/(-1). List the prime factors of (-6)/j*(-54)/(-3).
3
Let v = 17 - 9. Let u(r) = -r**2 + 12*r - 20. List the prime factors of u(v).
2, 3
Suppose 240 = 2*w - 3*o, -4*w - 3*o + 6*o = -480. Let n be w/(-9)*12/10. List the prime factors of -3*n/(-60)*-45.
2, 3
Let k(y) = y**2 - 5*y + 1. Let w be k(4). List the prime factors of (w - (3 + 31))/(-1).
37
Let l = 44 + -58. Let x(d) = d**3 + 14*d**2 - 9*d - 15. What are the prime factors of x(l)?
3, 37
Suppose 156 = s + 2*s. Let p = s - -6. Suppose g = 3*o - 2*o + 25, -2*g + 4*o = -p. List the prime factors of g.
3, 7
Suppose 3*j - 375 = 165. What are the prime factors of 3 + ((-6)/15)/((-2)/j)?
3, 13
Suppose 136*g - 138*g + 10 = 0. Suppose -a = 3, -6 = -p + a - 0*a. Suppose g*u = 2*o - 137, p*u = 6 + 3. What are the prime factors of o?
2, 19
Let y(z) = -4206*z**3 - 31*z - 31. List the prime factors of y(-1).
2, 3, 701
Suppose -2*m - 2*m + 1022 = 2*d, 2*m + 1565 = 3*d. List the prime factors of d.
3, 173
Let d = 766 + -367. List the prime factors of d.
3, 7, 19
Let c(r) = r**2 + 16*r + 43. Let w be c(-13). What are the prime factors of 450/3 - 4 - (0 + w)?
2, 71
Suppose -3 = -5*s - 2*g - 9, -3*g = s - 4. Let t = s - -2. Suppose t = 5*m - 53 + 18. List the prime factors of m.
7
Let g(r) = -r**3 - 9*r**2 - r - 6. Let q be g(-9). Let o be (4 - q)*(2 - 3). List the prime factors of (1/2 + o)*-38.
19
Let q(z) = -3*z - 12. Let i(a) = a**3 - 5*a**2 -